 = 469. Calculate the remainder when j is divided by g.
19
Suppose -5*x - 5*n = 8 + 22, -10 = x + 2*n. Suppose 0*j + 76 = 2*j. Calculate the remainder when j is divided by (0 - x/4)*130/5.
12
Let f(g) = g**3 + 7*g**2 + 4*g + 8. Suppose -2*b + 10 = 0, 0*z + 2*b + 745 = 5*z. Let r = z + -73. What is the remainder when r is divided by f(-6)?
18
Let c = 177 - 95. Let u = 165 - c. What is the remainder when u is divided by 28?
27
Let u(z) = 7*z**2 + 11*z + 260. Calculate the remainder when u(-11) is divided by 47.
46
Let r = -3 - -8. Suppose -3*u - 10 = -r*u. Suppose u*t - t - 43 = h, 0 = 3*t + 3*h - 51. What is the remainder when 47 is divided by t?
11
Suppose -36*k = -33*k - 4*d - 330, -k - 5*d + 129 = 0. Calculate the remainder when k is divided by 21.
9
Let w(s) = s**3 - 11*s**2 + s - 15. Let q be w(11). What is the remainder when 27 is divided by (-30)/q + 0 + (-3)/6?
6
Let x(c) = 3*c**3 - 3*c**2 + 4*c + 9. Suppose 8*o - 4*o = 12. What is the remainder when x(o) is divided by 11?
9
Let m = -742 - -787. Let b(o) = -16*o - 7. What is the remainder when b(-6) is divided by m?
44
Calculate the remainder when 156 is divided by (-7)/((-235)/329 - 8/(-14)).
9
Suppose 9*c + 79*c - 44088 = 0. Calculate the remainder when c is divided by 18.
15
Let c be 1/(-2)*(-2 + 4). Suppose 0*p = 4*x + p - 58, -5*x + 2*p = -79. Calculate the remainder when x is divided by -1 - (-4 - c) - -7.
6
Suppose -42 = -2*d + 4*c, 8*c - 69 = -5*d + 6*c. What is the remainder when 28 is divided by d?
13
Suppose 42*f = 33*f + 6453. Calculate the remainder when f is divided by 80.
77
Suppose 2*f + 6*g = 11*g - 17, 53 = -3*f + 2*g. Suppose 2*c - 4 = -28. Let v = c - f. What is the remainder when 16 is divided by v?
7
Suppose -164 = -r + 4*v, 4*v + 920 = 4*r + 264. Suppose 3*g + 16 = 4*g. Suppose g*w = 12*w + r. What is the remainder when w is divided by 22?
19
Suppose -h - 4 + 6 = 0. Let a = 4 - h. Suppose -5*i + 5*s = -135, -12 = -3*i + 2*i - a*s. What is the remainder when 41 is divided by i?
19
Let c = 20 + -24. Calculate the remainder when 45 is divided by c + 5 + (0 - 2) - -11.
5
Let m(u) = -50*u - 544. Calculate the remainder when 88 is divided by m(-12).
32
Suppose z = 5*x - 4*z + 170, x - 3*z + 28 = 0. Let r = x + 53. Calculate the remainder when 43 is divided by r.
11
Suppose -20*t - 101 = -461. What is the remainder when 53 is divided by t?
17
Let s(k) = -463*k + 13. Let h be s(-1). Suppose -15*p + 1496 - h = 0. Calculate the remainder when p is divided by 23.
22
Suppose 0 = 5*g - 5*z - 640, 4*g - 2*z + 3*z - 492 = 0. What is the remainder when g is divided by 14?
12
Suppose 0 = 31*n - 2835 - 2776. What is the remainder when n is divided by 44?
5
Suppose 0 = 3*s + 5*u + 10, s - u = -0*u - 6. Let t = s + 15. Calculate the remainder when 28 is divided by t.
8
Suppose -4*z - 4*x + 23 = x, -3*z + 5*x = -26. Suppose c - z = -v, -3*v - 4 = -2*v. Calculate the remainder when 32 is divided by c.
10
Let v = -9 - -7. What is the remainder when 27 is divided by 9 + -1*(v + 1)?
7
Let z(b) = -b**3 - 3*b**2 - b + 2. Let u be z(-2). Suppose -w + 22 = -u. What is the remainder when 84 is divided by w?
18
What is the remainder when 199 is divided by 3/(-12) - 137/(-4)?
29
Let y(l) = -19*l - 12. Let k be y(-3). Suppose 3*u + 65 = 6*u + 2*q, 3*u - 3*q - k = 0. Calculate the remainder when u is divided by 11.
8
Let q = 18 + 18. Let h = q + -4. Calculate the remainder when h is divided by 9.
5
Let v(q) = q**3 - 2*q**2 - 6*q - 1. Let r be v(5). Suppose -2*d + r = -38. What is the remainder when d is divided by 14?
13
Suppose -20*q + 917 = -2603. Let a be -125*((-4)/10 - 0). Suppose -q + a = -3*g. What is the remainder when g is divided by 15?
12
Let n = -45 + 178. Let j = -85 + n. Suppose -357 + 470 + 1026 = 67*s. What is the remainder when j is divided by s?
14
Suppose 7*w + 3 = 4*w - 3*q, 0 = w - 3*q - 3. Suppose w = -0*y + y + 4*z - 22, -6 = -3*z. Calculate the remainder when 27 is divided by y.
13
Let r(y) = -25*y - 55. What is the remainder when r(-6) is divided by 26?
17
Suppose -4*i + 63 = -13. Let n = -15 + i. Suppose -3*k - 5*r - 203 = -7*k, -n*r - 152 = -3*k. What is the remainder when k is divided by 18?
16
Let u be (-2)/((-33)/(-15) - 2). Let r(a) = 2*a**2 + 13*a + 8. Suppose -4*d + 41 = -39. Calculate the remainder when r(u) is divided by d.
18
Let o(j) = -8*j + 11. Suppose 0 = 5*u, 0*u = c + 3*u - 5. Let n be o(c). Calculate the remainder when -1 - (n + 16/4) is divided by 9.
6
Suppose 0*x = 3*x. Suppose -3*b - 2*b + 50 = x. Calculate the remainder when -1 - 58/(2*-1) is divided by b.
8
Let s(j) = 2*j**2 - 21*j + 24. Let h be s(13). Suppose 3*p = 3*w - 57, p + h = 5*w - 2*p. Calculate the remainder when 27 is divided by w.
11
Let b = 445 + -363. Let p = 25 - 8. Calculate the remainder when b is divided by p.
14
Suppose -3*o - 5*z + 29 = 11, 4*o = 4*z + 24. Suppose 4*c - 2*c = o. Suppose 3*q + k + 2*k - 12 = 0, q + 6 = 4*k. What is the remainder when c is divided by q?
1
Calculate the remainder when 116 is divided by (-38 + 10)*(-6)/(-4 + 7).
4
Let d = 0 - 0. Suppose -2*z + 140 = z - 5*f, 4*z - 4*f - 192 = d. Calculate the remainder when z is divided by ((-306)/(-45))/(2/(-20)*-4).
16
Suppose 0 = -4*x + 21 + 3. Suppose 22*w = 20*w - 38. Let j = -8 - w. Calculate the remainder when j is divided by x.
5
Let h = 73 + -55. Suppose 0 = -2*v + 3*v - 70. Calculate the remainder when v is divided by h.
16
Let c = -14 + 14. Suppose 4*y + y - 85 = c. Let r(n) = 31*n**2 - 1. What is the remainder when r(1) is divided by y?
13
Suppose -2*a - 6 = -2*g, -5*a - 8 = -4*g - 0. Suppose -13*j - 200 = -18*j. What is the remainder when j is divided by g?
5
What is the remainder when 35 is divided by -4 + (-340)/(-15) - 12/(-9)?
15
Suppose 4*a - 12 = -2*b, -b - 1041 = -3*a - 1057. Calculate the remainder when (2/3)/((-1)/(-39)) is divided by b.
6
Let s = 1938 + -1924. What is the remainder when 3204 is divided by s?
12
Let p(z) = -8*z - 108. What is the remainder when 32 is divided by p(-16)?
12
Let d = 390 + -373. Calculate the remainder when 339 is divided by d.
16
Suppose -n + 4*n = -54. Let m = 27 + n. Let p(l) = l**2 - 13*l + 17. What is the remainder when m is divided by p(12)?
4
Let r be 6/(-4)*(0/(-2) - -2). Calculate the remainder when 13 is divided by ((-2 - -9) + 1)/(r/(-3)).
5
Let x(q) = 2*q + 6. Let j be x(5). Suppose 0 = -j*t + 21*t - 30. What is the remainder when 3/((1/1)/t) is divided by 4?
2
Suppose -70*w + 31 = -179. Let v(z) = z**3 + 6*z**2 - 2*z - 5. What is the remainder when v(-6) is divided by w?
1
Let w(l) = -l + 131. What is the remainder when w(0) is divided by (-3)/(-9)*-2*-66?
43
Suppose 109 = 162*v - 154*v - 83. Suppose 3*g - 4*g + 94 = 0. What is the remainder when g is divided by v?
22
Calculate the remainder when 56 is divided by 15/5 + (-15)/(-1).
2
Suppose -2*d + 3*f = -2*f - 11, 33 = -4*d - f. Suppose -13*g + 158 = -24. Let h = g + d. What is the remainder when 33 is divided by h?
5
Let o be 2*(-21)/(-6) - -3. Suppose o*c = 6*c + 4. What is the remainder when 7 is divided by (-7 - -6)/(c/(-2))?
1
Let p be 3/(-6)*(-3 + -1). Let l be (2 + -3)*(p + -9). Calculate the remainder when 20 is divided by (-8)/(-14) - (-73)/l.
9
Let v = -640 + 704. Calculate the remainder when v is divided by 35.
29
Let d = 782 + -771. Calculate the remainder when 435 is divided by d.
6
Let d(n) = 7*n**2 + 386*n + 110. Suppose 76 = 2*i + 2*i. Calculate the remainder when d(-55) is divided by i.
17
Let z(y) = -y**2 - 14*y + 4. Let a be z(-5). Let r = a + -39. Calculate the remainder when r is divided by 7.
3
Let f(z) = -4*z**2 + 2*z + 3. Let x be f(3). Let a(u) = u**3 - 5*u**2 - u + 10. Let v be a(3). Let y = v - x. Calculate the remainder when 29 is divided by y.
13
Let o = -4 + 4. Suppose o = -a - 2 + 17. Calculate the remainder when (490/(-175))/(-1 + (-18)/(-20)) is divided by a.
13
Let l be (42 + -1)/(10/10). Let o = 7 + l. Let j = -10 + o. What is the remainder when j is divided by 14?
10
Suppose 4*x - 23 - 97 = -4*m, 105 = 3*m - 2*x. Let p(w) = -22*w + 4. Let t(n) = -n. Let u(f) = -p(f) - 3*t(f). What is the remainder when u(4) is divided by m?
30
Calculate the remainder when 702/(-3042) - 760/(-26) is divided by 8.
5
Let g = 11 - 27. Let h be (-76)/g - (-1)/4. Suppose -h*f = -4*f -